06?
1
What is the thousands digit of 1718111?
8
What is the tens digit of 4596820?
2
What is the hundreds digit of 4831138?
1
What is the ten thousands digit of 549692?
4
What is the units digit of 93373?
3
What is the ten millions digit of 14057760?
1
What is the ten thousands digit of 590462?
9
What is the thousands digit of 241107?
1
What is the ten thousands digit of 877844?
7
What is the thousands digit of 8548?
8
What is the units digit of 514468?
8
What is the hundreds digit of 1032931?
9
What is the units digit of 3299227?
7
What is the tens digit of 25162740?
4
What is the hundred thousands digit of 8111756?
1
What is the thousands digit of 15701569?
1
What is the thousands digit of 271263?
1
What is the thousands digit of 32029613?
9
What is the ten thousands digit of 544389?
4
What is the tens digit of 411701?
0
What is the units digit of 3240295?
5
What is the units digit of 22759365?
5
What is the hundred thousands digit of 5195731?
1
What is the ten thousands digit of 1660353?
6
What is the hundred thousands digit of 4944331?
9
What is the millions digit of 1046864?
1
What is the hundred thousands digit of 377195?
3
What is the thousands digit of 1607980?
7
What is the hundreds digit of 246761?
7
What is the hundreds digit of 5082800?
8
What is the units digit of 143050?
0
What is the hundreds digit of 157263?
2
What is the hundred thousands digit of 923017?
9
What is the hundred thousands digit of 192898?
1
What is the ten thousands digit of 21568319?
6
What is the millions digit of 4773617?
4
What is the tens digit of 12124?
2
What is the hundreds digit of 271758?
7
What is the thousands digit of 660596?
0
What is the units digit of 1133938?
8
What is the ten millions digit of 20187843?
2
What is the thousands digit of 1631405?
1
What is the thousands digit of 283122?
3
What is the hundred thousands digit of 220385?
2
What is the hundred thousands digit of 13132493?
1
What is the tens digit of 19334298?
9
What is the tens digit of 205895?
9
What is the hundred thousands digit of 8522048?
5
What is the ten thousands digit of 1424914?
2
What is the millions digit of 6031508?
6
What is the tens digit of 224579?
7
What is the hundreds digit of 3963716?
7
What is the ten thousands digit of 468351?
6
What is the ten thousands digit of 9068506?
6
What is the ten thousands digit of 3691938?
9
What is the units digit of 627859?
9
What is the hundred thousands digit of 1817352?
8
What is the tens digit of 1278428?
2
What is the hundreds digit of 8122308?
3
What is the hundred thousands digit of 15449202?
4
What is the ten millions digit of 19993830?
1
What is the tens digit of 921330?
3
What is the hundred thousands digit of 21838614?
8
What is the hundred thousands digit of 7400317?
4
What is the tens digit of 140914?
1
What is the units digit of 3228091?
1
What is the units digit of 1700074?
4
What is the tens digit of 790646?
4
What is the tens digit of 1454103?
0
What is the ten thousands digit of 12466479?
6
What is the millions digit of 22539541?
2
What is the tens digit of 234254?
5
What is the hundred thousands digit of 2908437?
9
What is the millions digit of 1468481?
1
What is the hundreds digit of 2414487?
4
What is the thousands digit of 1016643?
6
What is the thousands digit of 23369882?
9
What is the hundreds digit of 718339?
3
What is the ten millions digit of 12779004?
1
What is the millions digit of 1210827?
1
What is the ten thousands digit of 455140?
5
What is the hundred thousands digit of 483982?
4
What is the hundreds digit of 6215725?
7
What is the tens digit of 10436879?
7
What is the thousands digit of 59918?
9
What is the ten thousands digit of 657071?
5
What is the tens digit of 766451?
5
What is the tens digit of 1017565?
6
What is the tens digit of 5523363?
6
What is the ten thousands digit of 3116035?
1
What is the millions digit of 23752438?
3
What is the millions digit of 2544790?
2
What is the ten millions digit of 19112711?
1
What is the hundred thousands digit of 28777289?
7
What is the tens digit of 58848?
4
What is the units digit of 147653?
3
What is the thousands digit of 1015771?
5
What is the thousands digit of 970715?
0
What is the tens digit of 133740?
4
What is the hundreds digit of 423282?
2
What is the ten thousands digit of 2949870?
4
What is the tens digit of 409340?
4
What is the tens digit of 69106?
0
What is the units digit of 1245795?
5
What is the hundred thousands digit of 3478972?
4
What is the units digit of 3060741?
1
What is the units digit of 413163?
3
What is the hundreds digit of 134020?
0
What is the millions digit of 4581335?
4
What is the thousands digit of 316424?
6
What is the ten thousands digit of 905806?
0
What is the units digit of 218029?
9
What is the tens digit of 1433108?
0
What is the millions digit of 2310584?
2
What is the millions digit of 24751426?
4
What is the units digit of 10889665?
5
What is the units digit of 8766077?
7
What is the hundred thousands digit of 17693611?
6
What is the tens digit of 1483112?
1
What is the hundred thousands digit of 177882?
1
What is the ten thousands digit of 72271?
7
What is the millions digit of 4972612?
4
What is the hundred thousands digit of 20923178?
9
What is the thousands digit of 20012002?
2
What is the thousands digit of 1317735?
7
What is the millions digit of 2864090?
2
What is the tens digit of 83098?
9
What is the tens digit of 1399078?
7
What is the units digit of 612923?
3
What is the hundreds digit of 633042?
0
What is the hundreds digit of 55236?
2
What is the hundreds digit of 125764?
7
What is the hundreds digit of 444453?
4
What is the tens digit of 4608355?
5
What is the tens digit of 3159992?
9
What is the hundreds digit of 481709?
7
What is the units digit of 243310?
0
What is the hundreds digit of 653188?
1
What is the thousands digit of 2967151?
7
What is the hundreds digit of 8687193?
1
What is the ten thousands digit of 10419869?
1
What is the tens digit of 311197?
9
What is the thousands digit of 461813?
1
What is the thousands digit of 2250372?
0
What is the hundred thousands digit of 6197951?
1
What is the millions digit of 1813121?
1
What is the tens digit of 146356?
5
What is the units digit of 608970?
0
What is the thousands digit of 2073917?
3
What is the millions digit of 1062418?
1
What is the thousands digit of 706549?
6
What is the units digit of 2564560?
0
What is the units digit of 479234?
4
What is the millions digit of 3242957?
3
What is the ten thousands digit of 38531?
3
What is the tens digit of 1899192?
9
What is the thousands digit of 328242?
8
What is the units digit of 1796176?
6
What is the hundred thousands digit of 3515575?
5
What is the hundred thousands digit of 938458?
9
What is the hundred thousands digit of 260078?
2
What is the ten thousands digit of 18786701?
8
What is the hundred thousands digit of 296748?
2
What is the ten thousands digit of 387745?
8
What is the thousands digit of 14411124?
1
What is the tens digit of 20700188?
8
What is the ten thousands digit of 267881?
6
What is the hundred thousands digit of 4027502?
0
What is the ten thousands digit of 159048?
5
What is the hundred thousands digit of 352870?
3
What is the hundreds digit of 404546?
5
What is the units digit of 11504467?
7
What is the units digit of 3997897?
7
What is the ten thousands digit of 344251?
4
What is the tens digit of 375916?
1
What is the thousands digit of 83304?
3
What is the units digit of 81062?
2
What is the millions digit of 6363269?
6
What is the units digit of 228363?
3
What is the hundreds digit of 317966?
9
What is the ten thousands digit of 12834350?
3
What is the thousands digit of 911345?
1
What is the units digit of 838871?
1
What is the ten thousands digit of 12255521?
5
What is the hundreds digit of 2083944?
9
What is the ten thousands digit of 1835948?
3
What is the ten thousands digit of 30977?
3
What is the tens digit of 23135614?
1
What is the thousands digit of 213422?
3
What is the units digit of 12457395?
5
What is the millions digit of 15733891?
5
What is the hundreds digit of 16848575?
5
What is the thousands digit of 132227?
2
What is the hundreds digit of 82306?
3
What is the tens digit of 935194?
9
What is the hundred thousands digit of 5432958?
4
